pose -3*r - k = 8*r. What are the prime factors of -34*(-3 - -2) - r/(-4)?
3, 11
Suppose 3*p - 48 = -4*b - 2*p, 3*b + p = 47. Suppose 0 = b*f - 8536 - 9229. List the prime factors of f.
5, 11, 19
Let t(n) = -4*n - 24. Let x be t(-7). Suppose o - 45 + x = 0. Suppose -v = -4*i + 481, 321 = 3*i - v - o. List the prime factors of i.
7, 17
Let u(w) = w + 13. Let t be u(-17). List the prime factors of t + ((-172)/(-16))/(1/16).
2, 3, 7
Let o = 91300 + -32044. List the prime factors of o.
2, 3, 823
What are the prime factors of 17/((-221)/65) - -7726?
7, 1103
Suppose 5714 = 5*z - 5*u - 1926, 3*z - 4566 = -3*u. Suppose 10*w - 7*w = -5*p + z, -499 = -w - 4*p. What are the prime factors of w?
5, 103
Suppose 0*o + 2*d = o - 10, 0 = -2*d. Suppose 0 = w - 1, -2*w - 4 = -x + 1. Suppose -o*m = -x*m - 264. What are the prime factors of m?
2, 11
What are the prime factors of (19626/2)/(15 + (-17 - (-46)/20))?
2, 5, 3271
Suppose -44*s = 88*s - 1171666 + 64582. What are the prime factors of s?
8387
Suppose 4*r = 3*u - 55, -5*u + u = 4*r + 20. Suppose b - 941 - 1953 = -3*h, 5*b = h - 986. List the prime factors of h/9*(-15)/r.
7, 23
Let s = 17 + -17. Suppose 6*f = 4*x + f - 143, -4*x + f + 131 = s. Suppose -a + 9 + x = 0. List the prime factors of a.
41
Let f(u) = 395*u**2 + 50*u + 306. List the prime factors of f(-5).
9931
Let b(j) = 14*j + 109. Let f be b(16). Let s = f + -157. List the prime factors of s.
2, 11
Let m(g) = g**3 + 22*g**2 + 55*g - 34. Let a be m(-19). Suppose -a*x - 2*j + 1978 = 0, 3*x - 3*j = -2*x + 2500. List the prime factors of x.
7, 71
Let x be 13 + -7*(-3 + 80/28). Let y(d) = -9*d + 26. Let b be y(x). List the prime factors of (3/4)/((5 + -10)/b).
3, 5
Let f(y) = 79*y**2 - 29*y - 62. Suppose v + w - 19 = -25, -2*w - 8 = 0. What are the prime factors of f(v)?
2, 3, 13
Let j(a) = -2*a + 13. Let f be j(5). Suppose f*x + 7 = 148. Suppose -4*s = -x + 27. List the prime factors of s.
5
Let j be -6 + 0 + 27 + -101. What are the prime factors of ((-724)/(-10))/(9 + 712/j)?
2, 181
Let k be (-1178)/(-57)*(-18)/4. What are the prime factors of k/(-2) + 2/4?
47
Let z = -22 - -26. Let t(w) = -12*w**3 + 2*w**2 - 2*w + 3. Let b(n) = n**3 + n**2 - n + 1. Let k(i) = z*b(i) - t(i). What are the prime factors of k(2)?
7, 19
Let c be ((-2109)/(-76))/((-6)/(-200)). Let k = c - 220. What are the prime factors of k?
3, 5, 47
Suppose -75*c + 40*c = -36*c + 29060. List the prime factors of c.
2, 5, 1453
Suppose 12 = -0*x + 3*x. Suppose 756 = 3*a + a + l, -2*l = x*a - 760. What are the prime factors of a?
2, 47
Let p(u) = -u**3 + 14*u**2 + 8*u + 3. Let j(k) = k**3 - 15*k**2 - 9*k - 2. Let h(c) = 6*j(c) + 7*p(c). What are the prime factors of h(4)?
3
Let l(p) = 13*p**2 + 38*p - 85. What are the prime factors of l(19)?
2, 5, 13, 41
Let s(v) = 48218*v**3 + 52*v - 53. List the prime factors of s(1).
13, 3709
Let j be (72 - 69) + (1 - -76) + 1. Let c = 89 - j. Suppose 12*n - 252 = c*n. List the prime factors of n.
3, 7
Suppose 0 = -145*a + 141*a - 2256. Let f = -289 - a. What are the prime factors of f?
5, 11
Suppose 0*h - h + 5*n - 1 = 0, -5*n + 10 = 0. Let z = h - 7. Suppose 4*b = 3*t - 133 - 291, 580 = 4*t + z*b. List the prime factors of t.
2, 3
Let a(b) = -552*b - 1 + 541*b**2 + 7 + 545*b. List the prime factors of a(1).
2, 3, 5
Suppose 100000 = 13*i - 73459. What are the prime factors of i?
11, 1213
Suppose -o = 3*d, 5 = -3*d - 2*o + 2. Let x be d/(-3) - 1378/(-39). Suppose -8*i + x = 3. List the prime factors of i.
2
Let t = 174 + -249. Let w = -71 - t. Suppose 2*y - 3*y = -w*l - 100, 20 = -4*l. List the prime factors of y.
2, 5
Suppose -3*h - 17 = -23. Suppose f + 95 - 11 = -h*k, k - 5*f = -20. What are the prime factors of 301/2*k/(-70)?
2, 43
Suppose 0 = 7*u - 37*u + 39210. Suppose q = -5*g - 2*q + u, g = 2*q + 251. What are the prime factors of g?
7, 37
Let x(y) = 54*y**2 - 33*y + 70. List the prime factors of x(22).
2, 5, 7, 13
Let v = 25 - -86. Suppose -231 = -u + v. List the prime factors of u.
2, 3, 19
Suppose -3*d - 140 = -9*m + 10*m, m = 4*d - 126. List the prime factors of 30/(-4)*(-15)/((-45)/m).
5, 67
Suppose -29*k - 110436 - 56364 = -89*k. List the prime factors of k.
2, 5, 139
Let d = 13191 - -16037. List the prime factors of d.
2, 7307
Let r(s) = 7324*s + 989. List the prime factors of r(1).
3, 17, 163
Let v(d) = 1397*d - 1. Let l be v(-2). Let m = l - -3983. What are the prime factors of m?
2, 3, 11
Let b = 125478 - 73968. What are the prime factors of 1 + (1/(-2))/((-15)/b)?
2, 859
Let c(k) = k**3 + 9*k + 16*k**2 - 3*k**2 + 6*k**2 + 26 - k**2. What are the prime factors of c(-12)?
2, 17, 23
Let z(h) = 3*h**2 - h - 2. Let w be z(2). Let r be 4*((3 - w) + 6). Suppose 0 = 5*k + 11*n - 6*n - 790, -r*k + 3*n + 660 = 0. List the prime factors of k.
2, 3
Suppose -480 = 10*l + 40. Let t be (-8)/(9 - 11 - 27/(-12)). What are the prime factors of (-3)/(6/l) + 32/t?
5
Let i(k) = 10*k**2 + 5*k + 2. Let j be i(-1). Let g(y) = -y**3 - j + 13*y + 0*y + 9*y**2 - 12. List the prime factors of g(10).
11
Let c(q) = -2*q**3 - 167*q**2 + 200*q - 223. What are the prime factors of c(-86)?
3, 41, 53
Let q = 513 - 126. Suppose 0 = -4*j + t + q, 9*j - 6*j - 2*t = 284. What are the prime factors of j?
2, 7
Let c = -34 - -40. Let u be c/27 + (-4838)/(-18) - -2. Let t = -149 + u. What are the prime factors of t?
2, 61
List the prime factors of ((-5022)/(-12))/(-9)*(34 + -870).
2, 3, 11, 19, 31
Let o(r) = -r**3 - 6*r**2 - 6*r - 1. Let v be o(-7). Let k = v - 53. Suppose -3*a + 4*a - k = 0. What are the prime factors of a?
37
Let y(x) = 50*x - 193. Let q be y(17). Let i(d) = -d**3 - 7*d**2 + 8*d - 6. Let h be i(-8). List the prime factors of (2/h)/(-1 - (-654)/q).
73
Suppose 4*i + 135 = 3*w + 2*i, i = 3. Suppose -52*q + w*q + 1995 = 0. List the prime factors of q.
3, 7, 19
Let u = 674 + -672. Suppose -2*k = 3*t - 1736, -u*k + 1736 = -3*t + 8*t. What are the prime factors of k?
2, 7, 31
Let p = -20 + 17. List the prime factors of ((-7)/(-21))/(p/(-531)).
59
Let u(r) be the first derivative of -5*r**2/2 - 15*r + 5. Let g be u(-13). Let o = g + 1. What are the prime factors of o?
3, 17
Let v = 416 + -409. Suppose 17400 = 17*l + v*l. List the prime factors of l.
5, 29
Suppose -3043138 - 217572 = -189*d + 1332935. What are the prime factors of d?
5, 4861
Let a(l) = 17*l**2 - 2*l - 517. List the prime factors of a(26).
3, 11, 331
Suppose -2*w - 3*l + 0*l = -18, 4*w + 2*l - 44 = 0. Suppose 0 = -2*m - 2*m + w. List the prime factors of 146 + ((-9)/m - 2).
3, 47
Suppose -24*v + 21*v + 2470 = -4*b, -4*b = 3*v - 2438. List the prime factors of (-2)/((-36)/6)*-12 + v.
2, 11, 37
Let r = -395 - -910. Suppose r*m = 507*m + 8488. List the prime factors of m.
1061
Suppose -93*x + 1974036 + 262614 = 0. List the prime factors of x.
2, 5, 13, 37
Let t(d) = d**2 + d - 5. Let h be t(3). Suppose s - 9 = -h. Suppose -5*v - 133 - 29 = -2*p, 5*p + s*v = 347. List the prime factors of p.
71
Let h = 4164 + -2775. Suppose 0 = -12*x + 963 + h. What are the prime factors of x?
2, 7
Let i = -81 - -127. Let s = i + -43. List the prime factors of (25/s + -2)/((-4)/(-60)).
5, 19
Suppose -2*j + 4*q = -33116, -4*j - 18*q + 13*q = -66128. What are the prime factors of j?
2, 3, 919
Suppose -4*g - 4*q + 35 = -9*g, -4*g - 3*q + 3 = 0. List the prime factors of ((-1164)/(-9) - 0)*(-18)/g.
2, 97
What are the prime factors of 7/(70/8) + (-708708)/(-65)?
2, 29, 47
Suppose -18 = -5*n + 62. Suppose -n*b + 2086 = -2586. What are the prime factors of b?
2, 73
Suppose -2*p + 344 = -6*p + 4*v, 2*p - v = -173. Let i = p + 90. Suppose 5*a = i*h - 588, -5*a = -18 + 3. List the prime factors of h.
3, 67
Let m = 96 + -105. Let f be ((-39)/(-9))/(6/m)*-22. Suppose -4*n = -2*i - 503 - f, 0 = -3*n + 3*i + 489. List the prime factors of n.
2, 5
Suppose 11 = 8*t - 5. Let c(g) = -t*g**2 + 12 + 14*g - g + g**2. What are the prime factors of c(9)?
2, 3
What are the prime factors of ((-62)/(-9))/(14/2877) - 2/(-6)?
2, 3, 59
Let i(l) be the first derivative of -22 + 0*l**2 + 13/3*l**3 + 6*l. List the prime factors of i(-3).
3, 41
Let l = 60161 - 29732. What are the prime factors of l?
3, 7, 23
Let x(m) = -2*m**2 - 2*m - 2. Let s be x(5). Suppose 0 = -2*c - 2*u + 210, 3*u - 4*u = 0. Let q = s + c. What are the prime factors of q?
43
Su